r of 309720 and 827950.
290
Calculate the highest common divisor of 145519 and 2321.
11
What is the highest common factor of 33040 and 9459352?
3304
Calculate the greatest common factor of 808398 and 72459.
873
Calculate the greatest common divisor of 1200 and 17193450.
150
Calculate the highest common divisor of 3150830 and 20.
10
Calculate the greatest common factor of 66876040 and 12320.
3080
Calculate the greatest common divisor of 29030904 and 1162.
14
Calculate the greatest common factor of 9491970 and 10.
10
Calculate the highest common divisor of 24582946 and 1546.
1546
Calculate the greatest common divisor of 18 and 585513.
9
Calculate the highest common factor of 33498244 and 52.
52
What is the highest common factor of 2440273 and 12573?
11
Calculate the greatest common factor of 12774288 and 179088.
1968
Calculate the highest common divisor of 4 and 737798.
2
What is the highest common divisor of 334324 and 32756?
76
What is the highest common divisor of 19953363 and 5510?
551
Calculate the greatest common factor of 578 and 7223266.
578
Calculate the highest common divisor of 552 and 22857528.
24
What is the highest common divisor of 40071 and 24753?
111
Calculate the highest common divisor of 84 and 691682208.
84
What is the greatest common factor of 46176 and 1657344?
1248
What is the highest common factor of 174 and 9025438?
58
Calculate the greatest common factor of 6669 and 13296062.
13
Calculate the greatest common factor of 9 and 39343959.
9
What is the greatest common factor of 69869309 and 83632?
5227
Calculate the highest common factor of 99 and 37321284.
33
What is the greatest common divisor of 336 and 50159634?
42
Calculate the highest common factor of 3345141817 and 1487.
1487
What is the highest common divisor of 12 and 1944759876?
12
What is the greatest common divisor of 35 and 21977011?
7
What is the highest common divisor of 44115 and 164525595?
2595
Calculate the highest common divisor of 28441 and 57883.
7
Calculate the highest common divisor of 8 and 228546828.
4
What is the greatest common divisor of 3323 and 257502593?
3323
What is the highest common factor of 686 and 7295218?
98
Calculate the greatest common divisor of 300781016 and 16.
8
What is the greatest common divisor of 363027 and 2301?
177
Calculate the greatest common divisor of 322 and 54312844.
46
Calculate the highest common factor of 7361 and 1546243.
433
Calculate the highest common factor of 126900 and 31977108.
1692
Calculate the greatest common divisor of 328980 and 1686.
6
What is the highest common divisor of 1686456 and 216648?
4248
What is the greatest common divisor of 308 and 8905435?
77
What is the highest common factor of 1996046 and 455?
13
What is the greatest common factor of 32 and 215375616?
32
Calculate the highest common factor of 102 and 80416086.
102
What is the greatest common divisor of 5093 and 650881?
11
Calculate the greatest common factor of 1194312 and 240.
24
What is the highest common factor of 25051 and 720083?
533
What is the greatest common divisor of 4776304 and 624?
208
What is the highest common factor of 52 and 591715774?
26
What is the highest common factor of 87976 and 32312?
56
Calculate the highest common factor of 72 and 944044.
4
Calculate the greatest common divisor of 52962 and 818454.
546
What is the highest common divisor of 18232 and 90128?
344
What is the highest common divisor of 8834835 and 477?
159
Calculate the highest common divisor of 1596 and 78801436.
532
What is the highest common factor of 459277290 and 40?
10
Calculate the greatest common factor of 47 and 57736727.
47
What is the greatest common divisor of 87 and 5464293?
3
Calculate the highest common divisor of 12250921 and 155.
31
Calculate the highest common divisor of 34635 and 8655.
15
What is the greatest common divisor of 112847 and 6879061?
2303
Calculate the greatest common divisor of 8936834 and 1334.
46
What is the greatest common divisor of 28694423 and 47549?
2797
What is the greatest common divisor of 25969790 and 35090?
3190
Calculate the highest common divisor of 71401 and 1331.
11
What is the highest common factor of 14268575 and 675?
25
Calculate the highest common divisor of 3937116 and 360.
12
What is the greatest common divisor of 9661469 and 4287?
1429
Calculate the highest common factor of 1860514908 and 28.
28
Calculate the highest common factor of 399 and 107020236.
57
Calculate the greatest common divisor of 1300 and 5242978.
26
What is the highest common divisor of 804 and 2667471?
201
What is the highest common divisor of 345 and 2522571?
69
What is the greatest common factor of 686 and 1380967?
49
What is the highest common divisor of 8789 and 1646161?
187
What is the greatest common divisor of 69678 and 2942793?
441
Calculate the highest common divisor of 686813 and 356.
89
What is the greatest common divisor of 1102702 and 74390?
346
What is the greatest common factor of 40896129 and 334?
167
What is the greatest common factor of 57725652 and 12?
12
What is the greatest common factor of 5154917 and 3?
1
What is the highest common divisor of 1695 and 99062?
1
What is the greatest common divisor of 199900 and 256?
4
What is the greatest common divisor of 4108302 and 20394?
198
What is the greatest common divisor of 217779 and 326193?
951
Calculate the highest common factor of 21624 and 8106456.
1272
What is the highest common factor of 1030239 and 45583?
79
Calculate the greatest common divisor of 415253846 and 7758.
862
What is the highest common divisor of 56557980 and 22220?
2020
Calculate the highest common divisor of 443643 and 438.
3
Calculate the greatest common factor of 2187 and 1032921.
9
Calculate the highest common factor of 3798 and 64693233.
1899
What is the highest common divisor of 6368 and 703465?
199
Calculate the greatest common divisor of 11 and 347091811.
11
Calculate the highest common factor of 1133 and 265397.
11
Calculate the highest common factor of 235438738 and 8972.
4486
What is the greatest common divisor of 515 and 3052405?
515
Calculate the greatest common factor of 341 and 13862332.
341
Calculate the highest common factor of 14715156 and 48.
12
Calculate the greatest common factor of 105192 and 2435000.
3896
What is the highest common factor of 2226 and 1953813624?
2226
What is the greatest common factor of 269962 and 21791?
77
What is the highest common factor of 27812108 and 311?
311
Calculate the greatest common divisor of 90 and 3417915.
15
What is the highest common factor of 6075022 and 456?
38
Calculate the highest common divisor of 782294 and 20896.
1306
What is the greatest common factor of 26564 and 368461?
229
Calculate the greatest common factor of 814778146 and 248.
62
What is the highest common factor of 22747304 and 1184?
296
What is the greatest common divisor of 189209682 and 6?
6
Calculate the highest common factor of 8211111 and 41.
41
What is the highest common divisor of 417074 and 82243?
217
What is the highest common factor of 62090 and 17500?
70
What is the highest common factor of 93135 and 63120?
15
Calculate the greatest common factor of 6629225 and 100.
25
What is the highest common divisor of 40670960 and 2045?
2045
What is the greatest common divisor of 1782 and 1480068?
18
What is the highest common divisor of 9751360 and 10912?
992
Calculate the highest common factor of 15400 and 34536040.
3080
What is the highest common divisor of 414062 and 1652?
118
Calculate the highest common divisor of 41456 and 416.
16
Calculate the highest common divisor of 26439622 and 3683.
127
What is the highest common divisor of 36728670 and 10?
10
What is the greatest common divisor of 13111176 and 17784?
312
What is the highest common divisor of 2842067 and 9978?
1663
Calculate the greatest common divisor of 24 and 17893005.
3
What is the highest common factor of 805700 and 5420?
20
What is the highest common factor of 811410 and 83334?
4386
What is the highest common factor of 84970 and 1712450?
290
What is the greatest common factor of 1765 and 14225?
5
What is the highest common divisor of 24730353 and 243?
243
Calculate the highest common divisor of 5680336 and 2492.
356
What is the greatest common factor of 167343 and 121?
121
What is the highest commo